 2353*z**2. Let t(a) = -a**2 + 5*a - 4. Let x be t(3). Suppose w - 2 = p - 4*w, x = -p + 4*w. Give h(p).
-6
Let u be (-233)/5 + (9/15 - 1). Let t = u + 46. Let l(j) = 4*j**2 + 2*j + 1. Calculate l(t).
3
Let h(n) be the second derivative of n**5/20 + 2*n**4/3 - n**3/6 - 19*n**2/2 + 2827*n. Determine h(-8).
-11
Suppose 34*j + 6 = 37*j. Let a(m) = -5*m - 1261 + 1273 + j*m. What is a(6)?
-6
Let d(s) be the second derivative of -s**7/840 + s**6/45 - s**5/30 + s**4/24 + 76*s**3/3 - 11*s - 2. Let w(p) be the second derivative of d(p). Determine w(7).
22
Let t(v) be the third derivative of -v**5/20 + v**4/8 + v**3/3 - 2*v**2 + 2619. Give t(0).
2
Let i(t) = t**2 - 2. Suppose -19*o + 47 + 29 = 0. Suppose o*k = -5*v + 36, -3*k + 4 = 2*v - 4*v. Calculate i(k).
14
Let u(l) = -605*l - 9075. Let n be u(-15). Let p(h) = 2*h**3 + h**2 - 9*h - 48. What is p(n)?
-48
Let x(d) = -11*d**2 - 2*d - 11. Let r(m) be the third derivative of 11*m**5/15 + m**4/3 + 8*m**3 + 261*m**2. Let k(c) = -2*r(c) - 9*x(c). Determine k(-2).
43
Let g(b) be the first derivative of b**2/2 - 7*b + 51. Suppose 0 = -60*c + 465 - 165. What is g(c)?
-2
Let i(k) be the second derivative of -7*k**3/6 - 20*k**2 + 24*k. What is i(-7)?
9
Let v(d) = -2*d + 37 + 8*d**2 - 5*d**2 - 36 + 10*d**2. Let x be (-2 + 0 - -4)/(4/2). Give v(x).
12
Let k(u) = 3*u**2 - 9. Let d be k(-3). Suppose -d*a - 12 = -15*a. Let t(p) = -p**3 - 4*p**2 - 3*p - 3. What is t(a)?
9
Let t(j) = 26*j**3 - j**2 + 9*j + 1. Let v(k) = 11*k**3 - k**2 + 4*k. Let p(f) = 2*t(f) - 5*v(f). Let b(w) = -3*w - 43. Let m be b(-15). Calculate p(m).
-14
Let z = 16 + -14. Let h be 4 - ((z - -1) + 16/(-4)). Suppose 0 = -h*o + 2*q + 5, 25 = -5*o - 3*q - q. Let g(n) = -2*n. Determine g(o).
2
Suppose 3*z + 45 = -2*z. Suppose -5*s = -4*l + 57, -3*l = 2*l - 3*s - 55. Let q(c) = 2*c**2 - 6 - 8 - c**2 + l*c + 5. Determine q(z).
0
Let y(r) = 9*r - 6. Let z be 192/168 + (0 + 1)/(-7). Let g be y(z). Let o(f) = g*f + f**2 + 6 + 3*f - 2*f + 2*f. Calculate o(-7).
13
Let b(c) = -21 + 8 - 6*c**3 + 11 - 4*c**3 + 9*c**3. Give b(2).
-10
Let b(m) be the second derivative of 99*m + 17/2*m**2 + 1/6*m**3 + 0. What is b(-11)?
6
Suppose 973*k + 10 = 978*k. Let i(c) = 2 - 4*c**2 - k*c + 14*c**2 - 9*c**2. Suppose 4*w - 6 = 2. Determine i(w).
2
Let s(y) = y**3 + 6*y**2 + 2*y + 6. Let g be s(-6). Let z(v) = -11 + 7*v**2 - 882*v**3 + 438*v**3 + 445*v**3 + 4*v. Give z(g).
1
Let p(m) be the third derivative of m**5/20 - m**4/12 - 237*m**2 + 11*m. Let w = -5 + 8. Calculate p(w).
21
Let y(v) = -4*v - 51. Suppose -4*b + i - 42 = -i, -5*b + 5*i = 40. What is y(b)?
1
Let u(g) = -3*g**3 - 12*g**2 + 34*g + 138. Let x be u(-4). Let p(l) be the second derivative of 0 - 1/3*l**3 + l - 1/6*l**4 + 1/20*l**5 - l**x. Determine p(3).
1
Let u(x) = -3*x**2 + 9*x - 25. Let c(g) = 13*g**2 - 33*g + 104. Let o(r) = -2*c(r) - 9*u(r). Determine o(15).
17
Let y(b) = 4*b**3 + b**2 - 3*b + 5. Let u(s) = -s**3 + s**2 - 1. Let g = 0 + 0. Let n = g - -1. Let m(k) = n*y(k) + 5*u(k). Give m(5).
10
Let z(s) = s**3 - 7*s**2 - 7*s - 6. Let r(y) = -6*y. Let o(i) = -i**2 - 10*i - 32. Let p be o(-6). Let l be r(p). Suppose -14*t + 8*t = -l. Determine z(t).
2
Let h(y) = -1 + 3*y**2 - 6*y**2 + 2 + y**3 + 2875*y - 2880*y. Let a(r) = -7*r + 1. Let o(k) = -k. Let g(w) = a(w) - 6*o(w). Let c be g(-3). Calculate h(c).
-3
Let v(z) = -2*z**3 - 5*z + 10*z - 3 - z. Let o = -1523 + 2155. Suppose 3*s + o - 638 = 0. Determine v(s).
-11
Let m(k) = 3*k**2 + k - 1. Let t(y) = 16*y**2 - 11*y + 14. Let n(d) = d**3 + 11*d**2 + 30*d - 1. Let j be n(-5). Let i(s) = j*t(s) + 5*m(s). Determine i(14).
9
Let i(s) be the second derivative of s**3/6 + 5*s**2/2 + 161078*s. Let g(z) = z**2 + 4*z + 1. Let c be g(-4). Let u be (c - 1) + -2 - -2. Calculate i(u).
5
Let g(u) be the second derivative of 7*u**3/2 + 18*u**2 + 534*u. What is g(-2)?
-6
Let v(a) = a**3 - 34 - 2*a**3 + 35 + 3*a - 3*a**2 + 5*a**2. Determine v(5).
-59
Let h(l) be the first derivative of -l**2/2 + 5*l + 24. Let w(j) = 2. Let t(p) = -1. Let q(u) = 11*t(u) + 6*w(u). Let k(r) = h(r) - 4*q(r). Determine k(-4).
5
Suppose -9 = 3*n, 10*a - 14*a + 3*n = 15. Let r(p) be the first derivative of 2 - 6*p - 1/4*p**4 - 1/2*p**2 - 2*p**3. Determine r(a).
0
Let z(h) be the first derivative of 1/2*h**2 - 9*h - 35. What is z(10)?
1
Let q(t) be the second derivative of t**3/3 - 3*t**2 - 2*t + 68. What is q(6)?
6
Let u(t) = t - 1. Let c(l) = -15*l + 22*l**3 - 11*l**3 - l**3 - 11*l**2 - 11*l**3 - 3. Let g(z) = -c(z) - 5*u(z). Calculate g(-10).
8
Let n(v) = -v**2 + 4*v + 8. Let h be (3/(-2))/(-3)*10. Let z(l) = h*l + 1 - 15*l - 3*l**2 - 6*l. Let d be z(-5). Give n(d).
-4
Let j(i) = -2*i + 3. Let f(p) = p - 1. Let k(c) = 3*f(c) + j(c). Suppose 90*h + 105 - 645 = 0. Determine k(h).
6
Let b(l) = 9*l**3 + 5*l**3 - l + 13*l**3 - 28*l**3 - 6*l**2 + 37 + 17*l**2. Determine b(11).
26
Suppose -r - 2*m + 35 = -0*r, 155 = 4*r + 3*m. Let v = r + -44. Let h be v/(-6)*-15*8/(-10). Let k(s) = -s + 1. Calculate k(h).
-5
Let n(f) = f**2 - 33 - 85 + 200 - 77 + 5*f. Determine n(-9).
41
Let y(s) = -4*s + 5*s - 1 - 3*s + 6*s. Let k = 9 + -13. Determine y(k).
-17
Let s = -805 - -801. Suppose -3*h = 194 + 169. Let p be (s/10)/(h/20 - -6). Let x(g) = g**2 - 8*g + 4. Determine x(p).
4
Let g(z) be the second derivative of -1/12*z**4 + 10*z + 0 + 1/3*z**3 + 2*z**2. Suppose 15 = 3*o, 2*n - 2*o + o - 3 = 0. Give g(n).
-4
Let o(d) = -4*d**2 + 10*d - 9. Suppose -2*r - 4 = 2*v, -263*r + 5*v + 17 = -261*r. Calculate o(r).
-3
Let f(g) = 6*g**2 + 6*g - 21 + 4*g - 7*g**2 - 10*g + 9*g. Calculate f(5).
-1
Let d be ((-1)/(-4))/(19630/728 - 27). Let o(x) = -x + 18. Give o(d).
25
Suppose 4*w + 4*b = 52, -7*b + 9*b = -5*w + 50. Let q(t) = 5*t - 13. Let z(j) = 21 + 11 - 5 - 11*j. Let y(d) = 5*q(d) + 2*z(d). Determine y(w).
13
Suppose 0 = 157*u - 164*u - 119. Let y(k) = 2*k**2 + 32*k - 37. Let n be y(u). Let q(v) = -31 + 31 + 8*v. Determine q(n).
-24
Let z(r) = -10*r - 205. Let p be z(-21). Let y be (-5)/(-7) - (-6)/21. Let g(o) = -2*o - o**2 - y - 1 + 6 + p*o. Calculate g(5).
-6
Suppose -3*c + 2*v + 418 - 74 = 0, 2*v = -2*c + 216. Suppose -c*t + 118*t - 48 = 0. Let y(a) = a**2 - 12*a + 12. Determine y(t).
-20
Let m(d) = -d**3 + 7*d**2 + 46*d - 29. Let z be m(11). Let y(j) be the third derivative of j**5/30 + 5*j**4/8 + j**3/3 + 6*j**2 - 1. Give y(z).
-5
Let s(q) be the first derivative of 1/2*q**2 + 3 + q. Let h = -16 + 9. Give s(h).
-6
Suppose 4*g = -4*g. Let j(d) = -3*d + 34 - 12 - 16 - d**2 + 0*d**2. Give j(g).
6
Let n(c) = 195*c - 174*c - 2*c**2 - 19 - c**2. Let s be n(6). Let u(o) = 3*o**3 - o**2 + 2*o + 2. What is u(s)?
-4
Let v be (-7 - 37/(-5)) + (-56)/(-10). Let p(b) = -5*b + 2*b - 2*b + 11 + 7*b - 3*b. Give p(v).
5
Let r = 110 + -55. Let z = -59 + r. Let y(d) = -d**2 - 2*d + 1. What is y(z)?
-7
Let o(p) = -2*p - 20. Let y(d) = -d - 9. Let w = 207 + -205. Let b(u) = w*o(u) - 5*y(u). Calculate b(-9).
-4
Let t(u) be the third derivative of -u**4/24 - u**3 + 5050*u**2. Suppose -21 + 7 = i. Give t(i).
8
Let z(b) be the second derivative of 9 - 5*b - 1/6*b**3 - 6*b**2. Calculate z(-9).
-3
Let h be 87/(-9) - (-2)/(-6). Let g = 16 + h. Let w(r) = -218*r - 224*r + 437*r - 6 + r**2. Determine w(g).
0
Let o be (130/(-858))/(10/12) - (-26)/22. Let k(q) = 4*q - 3. Calculate k(o).
1
Let l(m) = m**2 - m - 2. Let o be (-96)/14*(99/(-18) + 2). Suppose 4*r + 15 = -5*b, 3*r - 26*b + o*b - 6 = 0. Determine l(r).
-2
Let v(i) = -26*i**2 + 45*i - 2. Let t(u) = -40*u**2 + 72*u - 3. Let o(y) = 5*t(y) - 8*v(y). Give o(1).
9
Let z(s) = 4 + 22*s - 4. Let h be -2*((-3)/2 - -2). What is z(h)?
-22
Let a(j) = 13 + 0*j + j**3 - 51*j**2 + 96*j**2 - 2*j + 4 - 55*j**2. Give a(10).
-3
Let z(m) = m + 2. Suppose 6*t = 5*i + 3*t - 16, -4*i + 3*t = -14. Suppose 0 = 3*b - i*b + 50. Let p = b - -50. Calculate z(p).
2
Let i be (16/(-6))/((-3)/9). Let r(k) = k. Let l(b) = 14 - 5*b**2 + 4*b**2 + 12*b - 16. Let p(a) = l(a) - 5*r(a). Give p(i).
-10
Let l(c) = -29*c**2 - 2*c - 128. Let a(t) = 5*t**2 - 6. Let x(u) = -6*a(u) - l(u). Calculate x(-12).
-4
Suppose -682 = -9*r + 308. Suppose 8*v = -3*v - r. Let c(q) = -q + 14. What is c(v)?
24
Let w(s) = -s**2 + 13*s + 60. Let h(r) = -r**2 - 31*r - 19. Let i be h(-30). Determine w(i).
82
Let z(n) = 7*n - 1. Let g be (134 + 3)*(